t is the thousands digit of 3782120?
2
What is the tens digit of 5900533?
3
What is the ten thousands digit of 8687362?
8
What is the ten thousands digit of 15370910?
7
What is the ten thousands digit of 317699?
1
What is the thousands digit of 6052?
6
What is the thousands digit of 255906?
5
What is the ten thousands digit of 3505274?
0
What is the thousands digit of 6606?
6
What is the ten thousands digit of 7299297?
9
What is the ten thousands digit of 224084?
2
What is the units digit of 22851596?
6
What is the units digit of 387180?
0
What is the hundred thousands digit of 1788096?
7
What is the tens digit of 763627?
2
What is the hundreds digit of 19237?
2
What is the ten thousands digit of 6079708?
7
What is the ten thousands digit of 173012?
7
What is the thousands digit of 57581?
7
What is the tens digit of 575799?
9
What is the hundred thousands digit of 337853?
3
What is the thousands digit of 3533984?
3
What is the millions digit of 9803161?
9
What is the units digit of 337758?
8
What is the ten thousands digit of 428149?
2
What is the ten thousands digit of 41693?
4
What is the ten thousands digit of 2981066?
8
What is the thousands digit of 374650?
4
What is the thousands digit of 11342?
1
What is the thousands digit of 2335612?
5
What is the ten thousands digit of 271516?
7
What is the thousands digit of 570539?
0
What is the millions digit of 2943153?
2
What is the hundreds digit of 1910988?
9
What is the millions digit of 2112872?
2
What is the hundreds digit of 768950?
9
What is the ten thousands digit of 7424752?
2
What is the hundred thousands digit of 594521?
5
What is the millions digit of 19527988?
9
What is the ten thousands digit of 644225?
4
What is the units digit of 106646?
6
What is the tens digit of 1098885?
8
What is the ten thousands digit of 237451?
3
What is the ten thousands digit of 272980?
7
What is the hundred thousands digit of 570568?
5
What is the tens digit of 228424?
2
What is the ten thousands digit of 96860?
9
What is the tens digit of 3886383?
8
What is the thousands digit of 4128551?
8
What is the hundred thousands digit of 8006641?
0
What is the tens digit of 7147889?
8
What is the tens digit of 451866?
6
What is the ten thousands digit of 37249?
3
What is the hundred thousands digit of 20924851?
9
What is the tens digit of 1581230?
3
What is the millions digit of 1188999?
1
What is the hundred thousands digit of 253487?
2
What is the ten thousands digit of 818596?
1
What is the ten millions digit of 19529959?
1
What is the hundreds digit of 241391?
3
What is the thousands digit of 1361843?
1
What is the hundreds digit of 738421?
4
What is the units digit of 283428?
8
What is the tens digit of 543943?
4
What is the tens digit of 7303202?
0
What is the ten thousands digit of 7937000?
3
What is the millions digit of 1091779?
1
What is the thousands digit of 77962?
7
What is the units digit of 3899269?
9
What is the hundred thousands digit of 185545?
1
What is the units digit of 948785?
5
What is the millions digit of 2997191?
2
What is the tens digit of 93063?
6
What is the hundred thousands digit of 10651073?
6
What is the ten thousands digit of 869834?
6
What is the units digit of 888230?
0
What is the millions digit of 2686290?
2
What is the ten thousands digit of 5027712?
2
What is the tens digit of 892686?
8
What is the units digit of 499513?
3
What is the units digit of 574084?
4
What is the hundreds digit of 126971?
9
What is the units digit of 7542696?
6
What is the units digit of 254827?
7
What is the thousands digit of 440901?
0
What is the units digit of 31779?
9
What is the ten thousands digit of 372680?
7
What is the thousands digit of 171449?
1
What is the units digit of 5783340?
0
What is the thousands digit of 2042890?
2
What is the hundred thousands digit of 245580?
2
What is the hundreds digit of 379116?
1
What is the thousands digit of 14469075?
9
What is the thousands digit of 154725?
4
What is the ten millions digit of 14505643?
1
What is the hundred thousands digit of 862065?
8
What is the hundreds digit of 362934?
9
What is the hundreds digit of 367763?
7
What is the ten thousands digit of 24005539?
0
What is the hundreds digit of 897193?
1
What is the hundreds digit of 957?
9
What is the millions digit of 1321871?
1
What is the millions digit of 12603472?
2
What is the hundred thousands digit of 171995?
1
What is the units digit of 649482?
2
What is the tens digit of 604749?
4
What is the tens digit of 365031?
3
What is the millions digit of 3717087?
3
What is the ten millions digit of 12559426?
1
What is the units digit of 781873?
3
What is the hundreds digit of 2804851?
8
What is the hundreds digit of 1641140?
1
What is the ten thousands digit of 2110394?
1
What is the ten thousands digit of 169213?
6
What is the tens digit of 148376?
7
What is the thousands digit of 53409?
3
What is the thousands digit of 2387121?
7
What is the millions digit of 3394714?
3
What is the tens digit of 3344983?
8
What is the tens digit of 10564512?
1
What is the hundreds digit of 136224?
2
What is the thousands digit of 13796670?
6
What is the units digit of 1151086?
6
What is the tens digit of 93975?
7
What is the units digit of 40423?
3
What is the tens digit of 4357771?
7
What is the hundred thousands digit of 275059?
2
What is the units digit of 1288148?
8
What is the units digit of 1419062?
2
What is the units digit of 1401299?
9
What is the thousands digit of 135644?
5
What is the ten thousands digit of 107183?
0
What is the tens digit of 1838908?
0
What is the hundreds digit of 2598405?
4
What is the millions digit of 12719060?
2
What is the ten thousands digit of 4794684?
9
What is the hundreds digit of 8285944?
9
What is the thousands digit of 2306536?
6
What is the tens digit of 4451060?
6
What is the units digit of 347790?
0
What is the thousands digit of 8975795?
5
What is the millions digit of 2793708?
2
What is the ten thousands digit of 2189978?
8
What is the ten thousands digit of 48496?
4
What is the thousands digit of 1321118?
1
What is the tens digit of 370532?
3
What is the thousands digit of 6043094?
3
What is the hundreds digit of 7775883?
8
What is the thousands digit of 469930?
9
What is the tens digit of 575143?
4
What is the hundred thousands digit of 640077?
6
What is the hundreds digit of 388419?
4
What is the units digit of 357332?
2
What is the ten thousands digit of 12022905?
2
What is the ten thousands digit of 2379378?
7
What is the hundreds digit of 2004754?
7
What is the hundreds digit of 10555091?
0
What is the ten millions digit of 24170444?
2
What is the tens digit of 12363655?
5
What is the hundred thousands digit of 4659973?
6
What is the ten thousands digit of 31849134?
4
What is the hundred thousands digit of 281757?
2
What is the ten thousands digit of 29862?
2
What is the hundreds digit of 9801?
8
What is the hundred thousands digit of 606935?
6
What is the units digit of 167430?
0
What is the ten thousands digit of 1699145?
9
What is the ten thousands digit of 1118262?
1
What is the millions digit of 6362516?
6
What is the hundreds digit of 138966?
9
What is the units digit of 309899?
9
What is the hundred thousands digit of 15897627?
8
What is the millions digit of 19295795?
9
What is the thousands digit of 2015826?
5
What is the ten thousands digit of 2959957?
5
What is the ten thousands digit of 6328569?
2
What is the ten millions digit of 33518413?
3
What is the thousands digit of 1429576?
9
What is the hundreds digit of 97119?
1
What is the thousands digit of 181825?
1
What is the hundreds digit of 845018?
0
What is the hundreds digit of 22670418?
4
What is the millions digit of 17541146?
7
What is the units digit of 168165?
5
What is the hundreds digit of 15087278?
2
What is the millions digit of 41823173?
1
What is the tens digit of 195459?
5
What is the millions digit of 2165970?
2
What is the hundred thousands digit of 27672699?
6
What is the ten thousands digit of 804316?
0
What is the tens digit of 709913?
1
What is the hundreds digit of 133866?
8
What is the hundred thousands digit of 289352?
2
What is the millions digit of 9288172?
9
What is the thousands digit of 56115?
6
What is the hundred thousands digit of 156508?
1
What is t